{"id":371,"date":"2020-11-06T15:34:43","date_gmt":"2020-11-06T15:34:43","guid":{"rendered":"https:\/\/www.uniongroup.net\/?page_id=371"},"modified":"2025-04-16T13:03:38","modified_gmt":"2025-04-16T13:03:38","slug":"sistemi-di-approvigionamento","status":"publish","type":"page","link":"https:\/\/www.uniongroup.net\/?page_id=371","title":{"rendered":"Sistemi di approvvigionamento"},"content":{"rendered":"<p style=\"text-align: center;\"><span style=\"color: #000000;\">UNION realizza i prodotti con lavorazioni meccaniche CNC di tornitura e fresatura a controllo numerico; gestisce trattamenti termini e superficiali per dare al cliente un prodotto finito.<\/span><\/p>\n<p style=\"text-align: center;\"><span style=\"color: #000000;\">Inoltre Union gestisce gli approvvigionamenti di semilavorati:<\/span><\/p>\n<p style=\"text-align: center;\"><span style=\"color: #000000;\">fusioni: ghisa grigia e sferoidale, leghe di alluminio e leghe di rame<\/span><\/p>\n<p style=\"text-align: center;\"><span style=\"color: #000000;\">forgiati e stampati in acciaio, alluminio, e leghe di rame<\/span><\/p>\n<p style=\"text-align: center;\"><span style=\"color: #000000;\">carpenterie in lamiera saldate<\/span><\/p>\n<div id='gallery-1' class='gallery galleryid-371 gallery-columns-5 gallery-size-large'><figure class='gallery-item'>\n\t\t\t<div class='gallery-icon landscape'>\n\t\t\t\t<img loading=\"lazy\" decoding=\"async\" width=\"800\" height=\"534\" src=\"https:\/\/www.uniongroup.net\/wp-content\/uploads\/2020\/11\/Valvola-1024x683.jpg\" class=\"attachment-large size-large\" alt=\"\" srcset=\"https:\/\/www.uniongroup.net\/wp-content\/uploads\/2020\/11\/Valvola-1024x683.jpg 1024w, https:\/\/www.uniongroup.net\/wp-content\/uploads\/2020\/11\/Valvola-300x200.jpg 300w, https:\/\/www.uniongroup.net\/wp-content\/uploads\/2020\/11\/Valvola-768x512.jpg 768w, https:\/\/www.uniongroup.net\/wp-content\/uploads\/2020\/11\/Valvola-600x400.jpg 600w, https:\/\/www.uniongroup.net\/wp-content\/uploads\/2020\/11\/Valvola.jpg 1059w\" sizes=\"auto, (max-width: 800px) 100vw, 800px\" \/>\n\t\t\t<\/div><\/figure><figure class='gallery-item'>\n\t\t\t<div class='gallery-icon portrait'>\n\t\t\t\t<img loading=\"lazy\" decoding=\"async\" width=\"595\" height=\"874\" src=\"https:\/\/www.uniongroup.net\/wp-content\/uploads\/2020\/11\/Scatole.jpg\" class=\"attachment-large size-large\" alt=\"\" srcset=\"https:\/\/www.uniongroup.net\/wp-content\/uploads\/2020\/11\/Scatole.jpg 595w, https:\/\/www.uniongroup.net\/wp-content\/uploads\/2020\/11\/Scatole-204x300.jpg 204w\" sizes=\"auto, (max-width: 595px) 100vw, 595px\" \/>\n\t\t\t<\/div><\/figure><figure class='gallery-item'>\n\t\t\t<div class='gallery-icon portrait'>\n\t\t\t\t<img loading=\"lazy\" decoding=\"async\" width=\"369\" height=\"385\" src=\"https:\/\/www.uniongroup.net\/wp-content\/uploads\/2020\/11\/Mozzo.jpg\" class=\"attachment-large size-large\" alt=\"\" srcset=\"https:\/\/www.uniongroup.net\/wp-content\/uploads\/2020\/11\/Mozzo.jpg 369w, https:\/\/www.uniongroup.net\/wp-content\/uploads\/2020\/11\/Mozzo-288x300.jpg 288w\" sizes=\"auto, (max-width: 369px) 100vw, 369px\" \/>\n\t\t\t<\/div><\/figure><figure class='gallery-item'>\n\t\t\t<div class='gallery-icon landscape'>\n\t\t\t\t<img loading=\"lazy\" decoding=\"async\" width=\"800\" height=\"502\" src=\"https:\/\/www.uniongroup.net\/wp-content\/uploads\/2020\/11\/Carpenterie_Saldate.jpg\" class=\"attachment-large size-large\" alt=\"\" srcset=\"https:\/\/www.uniongroup.net\/wp-content\/uploads\/2020\/11\/Carpenterie_Saldate.jpg 1023w, https:\/\/www.uniongroup.net\/wp-content\/uploads\/2020\/11\/Carpenterie_Saldate-300x188.jpg 300w, https:\/\/www.uniongroup.net\/wp-content\/uploads\/2020\/11\/Carpenterie_Saldate-768x482.jpg 768w, https:\/\/www.uniongroup.net\/wp-content\/uploads\/2020\/11\/Carpenterie_Saldate-637x400.jpg 637w\" sizes=\"auto, (max-width: 800px) 100vw, 800px\" \/>\n\t\t\t<\/div><\/figure><figure class='gallery-item'>\n\t\t\t<div class='gallery-icon landscape'>\n\t\t\t\t<img loading=\"lazy\" decoding=\"async\" width=\"800\" height=\"782\" src=\"https:\/\/www.uniongroup.net\/wp-content\/uploads\/2020\/11\/Coperchio-1.jpg\" class=\"attachment-large size-large\" alt=\"\" srcset=\"https:\/\/www.uniongroup.net\/wp-content\/uploads\/2020\/11\/Coperchio-1.jpg 909w, https:\/\/www.uniongroup.net\/wp-content\/uploads\/2020\/11\/Coperchio-1-300x293.jpg 300w, https:\/\/www.uniongroup.net\/wp-content\/uploads\/2020\/11\/Coperchio-1-768x751.jpg 768w\" sizes=\"auto, (max-width: 800px) 100vw, 800px\" \/>\n\t\t\t<\/div><\/figure>\n\t\t<\/div>\n\n<p style=\"text-align: center;\"><span style=\"color: #000000;\">Questi semilavorati sono acquisiti da fornitori capaci di garantire la stessa qualit\u00e0, puntualit\u00e0 e competitivit\u00e0 di UNION, anche attraverso il proprio ufficio acquisti in India, operativo dal 2007.<\/span><\/p>\n<p style=\"text-align: center;\"><span style=\"color: #000000;\">Molte delle produzioni di Union sono realizzate in \u201cjust in time\u201d grazie ad una stretta integrazione logistica col cliente, basata su pianificazione a medio-lungo termine per i materiali e di breve termine per il prodotto finito.<\/span><\/p>\n<p style=\"text-align: center;\">I fornitori di UNION sottoscrivono un contratto chiaro e realistico che garantisce leali rapporti cliente-fornitore e impegna UNION<br \/>\nverso il fornitore ed il fornitore verso UNION a prestazioni adeguate alle richieste dei clienti di UNION.<\/p>\n<p style=\"text-align: center;\"><a href=\"https:\/\/www.uniongroup.net\/wp-content\/uploads\/2020\/11\/CFCommerciali.pdf\" class=\"su-button su-button-style-default\" style=\"color:#ffffff;background-color:#cc0066;border-color:#a40052;border-radius:7px\" target=\"_blank\" rel=\"noopener noreferrer\"><span style=\"color:#ffffff;padding:0px 20px;font-size:16px;line-height:32px;border-color:#dc4d94;border-radius:7px;text-shadow:0px 0px 0px #000000\"> Contratto di fornitura di parti commerciali<\/span><\/a>\n<p style=\"text-align: center;\"><a href=\"https:\/\/www.uniongroup.net\/wp-content\/uploads\/2020\/11\/CFSubfornitura.pdf\" class=\"su-button su-button-style-default\" style=\"color:#ffffff;background-color:#cc0066;border-color:#a40052;border-radius:7px\" target=\"_blank\" rel=\"noopener noreferrer\"><span style=\"color:#ffffff;padding:0px 20px;font-size:16px;line-height:32px;border-color:#dc4d94;border-radius:7px;text-shadow:0px 0px 0px #000000\"> Contratto di fornitura di parti a disegno<\/span><\/a>\n<p style=\"text-align: center;\"><a href=\"https:\/\/www.uniongroup.net\/wp-content\/uploads\/2020\/11\/CFLavorazionii.pdf\" class=\"su-button su-button-style-default\" style=\"color:#ffffff;background-color:#cc0066;border-color:#a40052;border-radius:7px\" target=\"_blank\" rel=\"noopener noreferrer\"><span style=\"color:#ffffff;padding:0px 20px;font-size:16px;line-height:32px;border-color:#dc4d94;border-radius:7px;text-shadow:0px 0px 0px #000000\"> Contratto di fornitura di lavorazioni<\/span><\/a>\n","protected":false},"excerpt":{"rendered":"<p>UNION realizza i prodotti con lavorazioni meccaniche CNC di tornitura e fresatura a controllo numerico; gestisce trattamenti termini e superficiali per dare al cliente un prodotto finito. Inoltre Union gestisce gli approvvigionamenti di semilavorati: fusioni: ghisa grigia e sferoidale, leghe di alluminio e leghe di rame forgiati e stampati in acciaio, alluminio, e leghe di rame carpenterie in lamiera saldate Questi semilavorati sono acquisiti da fornitori capaci di garantire la stessa qualit\u00e0, puntualit\u00e0 e competitivit\u00e0 di UNION, anche attraverso il proprio ufficio acquisti in India, operativo dal 2007. Molte delle produzioni di Union sono realizzate in \u201cjust in time\u201d grazie ad una stretta integrazione logistica col cliente, basata su pianificazione a medio-lungo termine per i materiali e di breve termine per il prodotto finito. I fornitori di UNION sottoscrivono un contratto chiaro e realistico che garantisce leali rapporti cliente-fornitore e impegna UNION verso il fornitore ed il fornitore verso UNION&hellip;<\/p>\n<p> <a class=\"more-link\" href=\"https:\/\/www.uniongroup.net\/?page_id=371\">Leggi tutto<\/a><\/p>\n","protected":false},"author":1,"featured_media":0,"parent":52,"menu_order":5,"comment_status":"closed","ping_status":"closed","template":"","meta":{"footnotes":""},"class_list":["post-371","page","type-page","status-publish"],"_links":{"self":[{"href":"https:\/\/www.uniongroup.net\/index.php?rest_route=\/wp\/v2\/pages\/371","targetHints":{"allow":["GET"]}}],"collection":[{"href":"https:\/\/www.uniongroup.net\/index.php?rest_route=\/wp\/v2\/pages"}],"about":[{"href":"https:\/\/www.uniongroup.net\/index.php?rest_route=\/wp\/v2\/types\/page"}],"author":[{"embeddable":true,"href":"https:\/\/www.uniongroup.net\/index.php?rest_route=\/wp\/v2\/users\/1"}],"replies":[{"embeddable":true,"href":"https:\/\/www.uniongroup.net\/index.php?rest_route=%2Fwp%2Fv2%2Fcomments&post=371"}],"version-history":[{"count":0,"href":"https:\/\/www.uniongroup.net\/index.php?rest_route=\/wp\/v2\/pages\/371\/revisions"}],"up":[{"embeddable":true,"href":"https:\/\/www.uniongroup.net\/index.php?rest_route=\/wp\/v2\/pages\/52"}],"wp:attachment":[{"href":"https:\/\/www.uniongroup.net\/index.php?rest_route=%2Fwp%2Fv2%2Fmedia&parent=371"}],"curies":[{"name":"wp","href":"https:\/\/api.w.org\/{rel}","templated":true}]}}