{"id":485,"date":"2020-11-09T13:28:04","date_gmt":"2020-11-09T13:28:04","guid":{"rendered":"https:\/\/www.uniongroup.net\/?page_id=485"},"modified":"2023-01-19T16:50:59","modified_gmt":"2023-01-19T16:50:59","slug":"industrie-servite-2","status":"publish","type":"page","link":"https:\/\/www.uniongroup.net\/?page_id=485","title":{"rendered":"Industrie servite"},"content":{"rendered":"<h3 style=\"text-align: center;\"><img loading=\"lazy\" decoding=\"async\" class=\"wp-image-486 alignleft\" src=\"https:\/\/www.uniongroup.net\/wp-content\/uploads\/2020\/11\/automotive.jpg\" alt=\"\" width=\"500\" height=\"332\" srcset=\"https:\/\/www.uniongroup.net\/wp-content\/uploads\/2020\/11\/automotive.jpg 527w, https:\/\/www.uniongroup.net\/wp-content\/uploads\/2020\/11\/automotive-300x199.jpg 300w\" sizes=\"auto, (max-width: 500px) 100vw, 500px\" \/><span style=\"color: #cc0066;\">Componenti e assiemi per l`INDUSTRIA MOTORISTICA<\/span><\/h3>\n<div class=\"h-text h-text-component style-520 style-local-485-c19 position-relative h-element\" data-colibri-id=\"485-c19\">\n<div class=\"\">\n<p style=\"text-align: center;\">L\u2019industria motoristica (automotive) ha per requisiti la puntualit\u00e0, fino alle forniture sincronizzate in just in time, la garanzia di conformit\u00e0 alle specifiche, la capacit\u00e0 di integrazione progettuale col cliente (codesign), la rintracciabilit\u00e0 dei materiali, dei trattamenti, dei controlli.<\/p>\n<p style=\"text-align: center;\">Con la sua organizzazione per la qualit\u00e0 certificata in accordo alla ISO TS 16949, Union produce per l\u2019industria dell\u2019auto componenti e assiemi per la trasmissione e la carrozzeria<\/p>\n<\/div>\n<p>&nbsp;<\/p>\n<\/div>\n<p><img loading=\"lazy\" decoding=\"async\" class=\"wp-image-488 alignleft\" src=\"https:\/\/www.uniongroup.net\/wp-content\/uploads\/2020\/11\/automation.jpg\" alt=\"\" width=\"500\" height=\"414\" srcset=\"https:\/\/www.uniongroup.net\/wp-content\/uploads\/2020\/11\/automation.jpg 521w, https:\/\/www.uniongroup.net\/wp-content\/uploads\/2020\/11\/automation-300x248.jpg 300w\" sizes=\"auto, (max-width: 500px) 100vw, 500px\" \/><\/p>\n<div class=\"h-global-transition-all h-heading style-519 style-local-485-c24 position-relative h-element\" data-colibri-id=\"485-c24\">\n<div class=\"h-heading__outer style-519 style-local-485-c24\">\n<h4><\/h4>\n<h3 style=\"text-align: center;\"><span style=\"color: #cc0066;\">Macchine e assiemi per l`INDUSTRIA DELL`AUTOMAZIONE<\/span><\/h3>\n<\/div>\n<\/div>\n<div class=\"h-text h-text-component style-520 style-local-485-c25 position-relative h-element\" data-colibri-id=\"485-c25\">\n<div class=\"\">\n<p style=\"text-align: center;\">Per l\u2019industria dell`automazione Union produce:<\/p>\n<p style=\"text-align: center;\">macchine utensili<br \/>\ncomponenti e assiemi per la robotica<br \/>\ncomponenti di macchine e sistemi oleodinamica<\/p>\n<\/div>\n<\/div>\n<p>&nbsp;<\/p>\n<p>&nbsp;<\/p>\n<p>&nbsp;<\/p>\n<p>&nbsp;<\/p>\n<p><img loading=\"lazy\" decoding=\"async\" class=\"wp-image-487 alignleft\" src=\"https:\/\/www.uniongroup.net\/wp-content\/uploads\/2020\/11\/food.jpg\" alt=\"\" width=\"500\" height=\"400\" srcset=\"https:\/\/www.uniongroup.net\/wp-content\/uploads\/2020\/11\/food.jpg 515w, https:\/\/www.uniongroup.net\/wp-content\/uploads\/2020\/11\/food-300x240.jpg 300w\" sizes=\"auto, (max-width: 500px) 100vw, 500px\" \/><\/p>\n<div class=\"h-global-transition-all h-heading style-519 style-local-485-c12 position-relative h-element\" data-colibri-id=\"485-c12\">\n<div class=\"h-heading__outer style-519 style-local-485-c12\">\n<h3 style=\"text-align: center;\"><span style=\"color: #cc0066;\">Componenti e assiemi per l`INDUSTRIA DELLE MACCHINE ALIMENTARI<\/span><\/h3>\n<\/div>\n<\/div>\n<div class=\"h-text h-text-component style-520 style-local-485-c13 position-relative h-element\" data-colibri-id=\"485-c13\">\n<div class=\"\">\n<p style=\"text-align: center;\">L\u2019industria delle macchine ed impianti alimentari necessita di grande attenzione nella scelta dei materiali, delle finiture e dei trattamenti per garantire igiene, pulibilit\u00e0, durata nel tempo. Per l\u2019industria delle macchine alimentari<\/p>\n<p style=\"text-align: center;\">Union produce:<br \/>\nagitatori, impastatrici, mescolatrici<br \/>\nmescolatori e omogeneizzatori per distribuzione, dosaggio, pesatura pastorizzazione di fluidi e polveri alimentari<br \/>\npompe e valvole<\/p>\n<\/div>\n<\/div>\n<p>&nbsp;<\/p>\n","protected":false},"excerpt":{"rendered":"<p>Componenti e assiemi per l`INDUSTRIA MOTORISTICA L\u2019industria motoristica (automotive) ha per requisiti la puntualit\u00e0, fino alle forniture sincronizzate in just in time, la garanzia di conformit\u00e0 alle specifiche, la capacit\u00e0 di integrazione progettuale col cliente (codesign), la rintracciabilit\u00e0 dei materiali, dei trattamenti, dei controlli. Con la sua organizzazione per la qualit\u00e0 certificata in accordo alla ISO TS 16949, Union produce per l\u2019industria dell\u2019auto componenti e assiemi per la trasmissione e la carrozzeria &nbsp; Macchine e assiemi per l`INDUSTRIA DELL`AUTOMAZIONE Per l\u2019industria dell`automazione Union produce: macchine utensili componenti e assiemi per la robotica componenti di macchine e sistemi oleodinamica &nbsp; &nbsp; &nbsp; &nbsp; Componenti e assiemi per l`INDUSTRIA DELLE MACCHINE ALIMENTARI L\u2019industria delle macchine ed impianti alimentari necessita di grande attenzione nella scelta dei materiali, delle finiture e dei trattamenti per garantire igiene, pulibilit\u00e0, durata nel tempo. Per l\u2019industria delle macchine alimentari Union produce: agitatori, impastatrici, mescolatrici mescolatori e omogeneizzatori per&hellip;<\/p>\n<p> <a class=\"more-link\" href=\"https:\/\/www.uniongroup.net\/?page_id=485\">Leggi tutto<\/a><\/p>\n","protected":false},"author":1,"featured_media":0,"parent":52,"menu_order":3,"comment_status":"closed","ping_status":"closed","template":"","meta":{"footnotes":""},"class_list":["post-485","page","type-page","status-publish"],"_links":{"self":[{"href":"https:\/\/www.uniongroup.net\/index.php?rest_route=\/wp\/v2\/pages\/485","targetHints":{"allow":["GET"]}}],"collection":[{"href":"https:\/\/www.uniongroup.net\/index.php?rest_route=\/wp\/v2\/pages"}],"about":[{"href":"https:\/\/www.uniongroup.net\/index.php?rest_route=\/wp\/v2\/types\/page"}],"author":[{"embeddable":true,"href":"https:\/\/www.uniongroup.net\/index.php?rest_route=\/wp\/v2\/users\/1"}],"replies":[{"embeddable":true,"href":"https:\/\/www.uniongroup.net\/index.php?rest_route=%2Fwp%2Fv2%2Fcomments&post=485"}],"version-history":[{"count":0,"href":"https:\/\/www.uniongroup.net\/index.php?rest_route=\/wp\/v2\/pages\/485\/revisions"}],"up":[{"embeddable":true,"href":"https:\/\/www.uniongroup.net\/index.php?rest_route=\/wp\/v2\/pages\/52"}],"wp:attachment":[{"href":"https:\/\/www.uniongroup.net\/index.php?rest_route=%2Fwp%2Fv2%2Fmedia&parent=485"}],"curies":[{"name":"wp","href":"https:\/\/api.w.org\/{rel}","templated":true}]}}